ime factors of 1014?
2, 3, 13
What are the prime factors of 464?
2, 29
List the prime factors of 181611.
3, 17, 1187
List the prime factors of 5272.
2, 659
What are the prime factors of 2311?
2311
What are the prime factors of 1028?
2, 257
List the prime factors of 152792.
2, 71, 269
What are the prime factors of 8243?
8243
List the prime factors of 17691.
3, 5897
List the prime factors of 59111.
13, 4547
What are the prime factors of 14268?
2, 3, 29, 41
List the prime factors of 11130.
2, 3, 5, 7, 53
List the prime factors of 891.
3, 11
What are the prime factors of 10489?
17, 617
What are the prime factors of 77?
7, 11
List the prime factors of 148.
2, 37
List the prime factors of 37.
37
What are the prime factors of 12635?
5, 7, 19
List the prime factors of 1176.
2, 3, 7
What are the prime factors of 2285?
5, 457
List the prime factors of 14208.
2, 3, 37
List the prime factors of 16124.
2, 29, 139
List the prime factors of 8205.
3, 5, 547
List the prime factors of 16152.
2, 3, 673
List the prime factors of 312.
2, 3, 13
List the prime factors of 1042.
2, 521
What are the prime factors of 565?
5, 113
List the prime factors of 65832.
2, 3, 13, 211
What are the prime factors of 21907?
19, 1153
List the prime factors of 3842.
2, 17, 113
What are the prime factors of 30321?
3, 1123
List the prime factors of 272.
2, 17
List the prime factors of 237.
3, 79
What are the prime factors of 68744?
2, 13, 661
List the prime factors of 2656.
2, 83
List the prime factors of 15657.
3, 17, 307
List the prime factors of 2718.
2, 3, 151
List the prime factors of 66969.
3, 7, 1063
What are the prime factors of 147?
3, 7
List the prime factors of 31546.
2, 15773
List the prime factors of 85732.
2, 21433
List the prime factors of 172716.
2, 3, 37, 389
What are the prime factors of 3665?
5, 733
List the prime factors of 2714.
2, 23, 59
List the prime factors of 5821.
5821
List the prime factors of 17686.
2, 37, 239
List the prime factors of 1808.
2, 113
What are the prime factors of 1532?
2, 383
What are the prime factors of 30458?
2, 97, 157
What are the prime factors of 8249?
73, 113
List the prime factors of 2540.
2, 5, 127
What are the prime factors of 33947?
83, 409
What are the prime factors of 53534?
2, 13, 29, 71
List the prime factors of 11626.
2, 5813
List the prime factors of 1290.
2, 3, 5, 43
What are the prime factors of 2129?
2129
What are the prime factors of 34231?
34231
What are the prime factors of 1188?
2, 3, 11
List the prime factors of 2829.
3, 23, 41
List the prime factors of 54900.
2, 3, 5, 61
List the prime factors of 40598.
2, 53, 383
What are the prime factors of 33992?
2, 7, 607
What are the prime factors of 28113?
3, 9371
What are the prime factors of 1621?
1621
What are the prime factors of 46075?
5, 19, 97
What are the prime factors of 5761?
7, 823
What are the prime factors of 12045?
3, 5, 11, 73
What are the prime factors of 14111?
103, 137
What are the prime factors of 105?
3, 5, 7
List the prime factors of 996.
2, 3, 83
What are the prime factors of 6098?
2, 3049
What are the prime factors of 4811?
17, 283
What are the prime factors of 1993?
1993
List the prime factors of 4006.
2, 2003
What are the prime factors of 2190?
2, 3, 5, 73
List the prime factors of 18447.
3, 11, 13, 43
What are the prime factors of 3539?
3539
List the prime factors of 2718.
2, 3, 151
What are the prime factors of 10549?
7, 11, 137
List the prime factors of 1660.
2, 5, 83
What are the prime factors of 53580?
2, 3, 5, 19, 47
What are the prime factors of 79160?
2, 5, 1979
List the prime factors of 122806.
2, 61403
What are the prime factors of 13376?
2, 11, 19
What are the prime factors of 2870?
2, 5, 7, 41
List the prime factors of 474.
2, 3, 79
What are the prime factors of 24219?
3, 13, 23
List the prime factors of 42.
2, 3, 7
List the prime factors of 636.
2, 3, 53
List the prime factors of 17677.
11, 1607
List the prime factors of 1592.
2, 199
List the prime factors of 442.
2, 13, 17
List the prime factors of 20934.
2, 3, 1163
List the prime factors of 151050.
2, 3, 5, 19, 53
What are the prime factors of 51432?
2, 3, 2143
List the prime factors of 2659.
2659
List the prime factors of 84749.
7, 12107
What are the prime factors of 1027?
13, 79
What are the prime factors of 773?
773
What are the prime factors of 95?
5, 19
List the prime factors of 4093.
4093
List the prime factors of 931.
7, 19
What are the prime factors of 30463?
41, 743
List the prime factors of 301.
7, 43
List the prime factors of 1216.
2, 19
What are the prime factors of 644?
2, 7, 23
List the prime factors of 1421.
7, 29
List the prime factors of 1617.
3, 7, 11
What are the prime factors of 6993?
3, 7, 37
List the prime factors of 262.
2, 131
What are the prime factors of 1285?
5, 257
What are the prime factors of 27186?
2, 3, 23, 197
What are the prime factors of 2289?
3, 7, 109
What are the prime factors of 39549?
3, 13183
What are the prime factors of 5770?
2, 5, 577
What are the prime factors of 206?
2, 103
What are the prime factors of 681?
3, 227
What are the prime factors of 6839?
7, 977
What are the prime factors of 953?
953
What are the prime factors of 3003?
3, 7, 11, 13
What are the prime factors of 3974?
2, 1987
What are the prime factors of 10911?
3, 3637
What are the prime factors of 1991?
11, 181
What are the prime factors of 5556?
2, 3, 463
What are the prime factors of 4852?
2, 1213
What are the prime factors of 73974?
2, 3, 12329
What are the prime factors of 4671?
3, 173
List the prime factors of 9268.
2, 7, 331
List the prime factors of 16026.
2, 3, 2671
What are the prime factors of 2744?
2, 7
List the prime factors of 62134.
2, 47, 661
What are the prime factors of 92373?
3, 41, 751
What are the prime factors of 4150?
2, 5, 83
List the prime factors of 7135.
5, 1427
What are the prime factors of 447?
3, 149
What are the prime factors of 1125?
3, 5
List the prime factors of 24481.
24481
List the prime factors of 14360.
2, 5, 359
List the prime factors of 34942.
2, 17471
List the prime factors of 10412.
2, 19, 137
List the prime factors of 745.
5, 149
What are the prime factors of 23683?
11, 2153
List the prime factors of 110671.
11, 10061
What are the prime factors of 4515?
3, 5, 7, 43
What are the prime factors of 56571?
3, 109, 173
What are the prime factors of 5902?
2, 13, 227
What are the prime factors of 1490?
2, 5, 149
What are the prime factors of 48928?
2, 11, 139
What are the prime factors of 935?
5, 11, 17
List the prime factors of 90430.
2, 5, 9043
What are the prime factors of 228?
2, 3, 19
List the prime factors of 2379.
3, 13, 61
What are the prime factors of 164656?
2, 41, 251
List the prime factors of 19677.
3, 7, 937
What are the prime factors of 3129?
3, 7, 149
What are the prime factors of 8207?
29, 283
What are the prime factors of 20990?
2, 5, 2099
List the prime factors of 1118.
2, 13, 43
List the prime factors of 26967.
3, 89, 101
What are the prime factors of 51034?
2, 17, 19, 79
List the prime factors of 13050.
2, 3, 5, 29
What are the prime factors of 5645?
5, 1129
List the prime factors of 78208.
2, 13, 47
List the prime factors of 924.
2, 3, 7, 11
List the prime factors of 4054.
2, 2027
List the prime factors of 4.
2
What are the prime factors of 9064?
2, 11, 103
List the prime factors of 143835.
3, 5, 43, 223
What are the prime factors of 34463?
11, 13, 241
What are the prime factors of 6743?
11, 613
What are the prime factors of 7399?
7, 151
List the prime factors of 95875.
5, 13, 59
What are the prime factors of 1557?
3, 173
What are the prime factors of 61342?
2, 30671
List the prime factors of 37178.
2, 29, 641
What are the prime factors of 34050?
2, 3, 5, 227
List the prime factors of 1612.
2, 13, 31
List the prime factors of 7430.
2, 5, 743
What are the prime factors of 157?
157
List the prime factors of 63847.
7, 1303
List the prime factors of 37086.
2, 3, 7, 883
List the prime factors of 1429.
1429
What are the prime factors of 5122?
2, 13, 197
What are the prime factors of 10702?
2, 5351
What are the prime factors of 30183?
3, 10061
What are the prime factors of 896?
2, 7
What are the prime factors of 370?
2, 5, 37
What are the prime factors of 8804?
2, 31, 71
What are the prime factors of 6284?
2, 1571
List the prime